+ 42. What is the remainder when 111 is divided by b(-5)?
6
Let v(o) = -5 - 5*o**2 + o**3 + 6*o - 11*o**2 - 6*o**2 + 35*o**2. Calculate the remainder when v(-12) is divided by 17.
16
Let k(l) = l**2 - 18*l + 92. What is the remainder when k(9) is divided by 9?
2
Let f = 2 - -8. Let b(o) = -o**3 + 33*o**2 - 31*o - 3. Calculate the remainder when b(32) is divided by f.
9
Let t(p) = -6*p + 44. What is the remainder when 69 is divided by t(5)?
13
Suppose 61 - 187 = -7*t. What is the remainder when 52 is divided by t?
16
Suppose -4*t + 5*p + 10 = 0, 5*t = -3*p + 2*p + 27. Suppose 0 = -3*x + t*c + 8, c - 4*c - 3 = 0. What is the remainder when 31 is divided by x + 8 - (0 - -1)?
7
Calculate the remainder when ((-9)/15)/(((-18)/285)/2) is divided by 7.
5
Let a = 10 + -8. Suppose g = -a*g + n + 11, 8 = -4*n. Suppose g*p - 9 = -0. What is the remainder when 5 is divided by p?
2
Let m(a) = a**2 - 6*a + 7. Let v be m(5). Let l be v + 11 + (0 - -1). Suppose 58 = 4*z + l. What is the remainder when 41 is divided by z?
8
Let x(k) = -58*k - 346. Calculate the remainder when x(-8) is divided by 52.
14
Suppose 0 = -5*p + 2*g + 432, -5*p - 12*g + 8*g + 456 = 0. Calculate the remainder when 266 is divided by p.
2
Suppose 418 = -54*j + 1066. What is the remainder when 36 is divided by j?
0
Suppose -5*r - 4*a - 2751 = 0, -2*r - 3*r = -5*a + 2760. Let y = -382 - r. Suppose 12*s + 92*s = 59*s + 1935. What is the remainder when y is divided by s?
40
Let w(c) = c**2 - 11*c + 27. Let y be w(10). Let j(x) = 11*x - 9. What is the remainder when j(y) is divided by 45?
43
Let i(d) = d**2 + 2*d - 3. Suppose -5 = -2*x - r, -2*x - 2 + 3 = -3*r. What is the remainder when 11 is divided by i(x)?
1
Suppose -43 = -5*r + 52. Let m = r + 13. Calculate the remainder when m is divided by 9.
5
What is the remainder when (-20)/10*(-17)/2*1 is divided by 17/5 - (-2)/(-5)?
2
Let p(x) = 4*x + 2*x - x - 3 - 4*x. What is the remainder when p(4) is divided by 1?
0
Suppose 0*p = -4*p + 160. Suppose -20 = -2*t + p. Let x = t - 19. Calculate the remainder when x is divided by 3.
2
Let r be 8/(3 + -7) + 17. What is the remainder when 42 is divided by (276/r - 4) + 15/25?
12
Let h(r) = -r**3 + 10*r**2 + 6*r + 3. Let s be h(9). Suppose 2*z - z = -p + 26, s = 5*z + p. What is the remainder when 81 is divided by z?
25
Let g = -87 - -54. Let y(q) = -15*q + 8. Let w be y(2). Let u = w - g. What is the remainder when 42 is divided by u?
9
Let m(k) = 2*k**2 + 101*k - 40. Calculate the remainder when 40 is divided by m(-51).
7
Let v(l) = -30*l + 22. Calculate the remainder when v(-4) is divided by 18.
16
Suppose 9*t = 4*t - 4*j + 162, 2*t - 63 = -j. Suppose 140 = 3*p - 55. What is the remainder when 2/10 + 7657/p is divided by t?
28
Let v(i) = 3*i + 2*i - 4 + 6*i**2 - 2*i**2 - 5*i**2. What is the remainder when v(3) is divided by 3/(12/(-8))*-1?
0
Let k = -34 - -45. Let s(u) = u**3 + u**2 - u. Let b be s(-2). Calculate the remainder when 45/1 + 4/b is divided by k.
10
Let s = -130 - -138. What is the remainder when s is divided by 2?
0
Let p(t) = -26*t - 9. What is the remainder when 121 is divided by p(-3)?
52
Let s = -33 - -52. Let q = -45 + 50. Suppose 5*r + 3*v - 29 = 0, v + 37 = q*r - 0*v. What is the remainder when s is divided by r?
5
Suppose 5*t - 5 = 0, -2*f + 22 = -t + 9. What is the remainder when 27 is divided by f?
6
Suppose -4*d = h - 19, -4*d = 5*h - 25 - 6. Calculate the remainder when (1 - d)*1/1*-35 is divided by 36.
33
Suppose -4*n - c + 1699 = -0*c, 0 = 5*n - 3*c - 2145. Suppose 4*x - n = x. Calculate the remainder when x is divided by 49.
44
Let n = 410 + -408. What is the remainder when n is divided by 2/(4 + (-1 - 1))?
0
Suppose -56*f + 65*f - 225 = 0. Calculate the remainder when 245 is divided by f.
20
Suppose -3*a = -7*a + 8. Suppose 0 = -4*u - 16, 6*q + u - 88 = a*q. Let n = -14 + q. What is the remainder when 33 is divided by n?
6
Suppose 0 = 6*w - 3*w + 6, -41 = -3*q - 5*w. Calculate the remainder when 218 is divided by q.
14
Let w be (3 + -4)*(-20)/8*2. Suppose 4*r - w*v - 4 = 3*r, 5*r = 4*v + 83. What is the remainder when 92 is divided by r?
16
Let t = 108 - 70. What is the remainder when 109 is divided by t?
33
Let k = 453 - 432. Calculate the remainder when 32 is divided by k.
11
Let y(d) = d**2 - 21*d + 12. Let w be y(10). Let r = 122 + w. Calculate the remainder when r is divided by 13.
11
Suppose -2*q - 79 + 145 = 0. What is the remainder when 96 is divided by q?
30
Suppose 4*n = 5*w - 16, -4*w = -0*n - 5*n - 11. Suppose w*a = 60 - 4. Calculate the remainder when 53 is divided by a.
11
Suppose -7*v - 114 = -674. What is the remainder when v is divided by 54?
26
Suppose 15*s - s = 5*s + 117. Suppose -h + 24 = 2*h. What is the remainder when s is divided by h?
5
Suppose 489 = 4*b + h, 12*h = b + 10*h - 120. Calculate the remainder when b is divided by 44.
34
Calculate the remainder when (-6)/5 - (1 - 11952/10) is divided by 92.
89
Suppose -16*x + 12*x = -88. Calculate the remainder when x is divided by 13.
9
Suppose 97*h - 1176 = 85*h. What is the remainder when h is divided by 51?
47
Let k(m) = 6*m + 11. Let t be 4/(-10) - 66/(-15). Suppose t*o - 7 = 41. Calculate the remainder when k(14) is divided by o.
11
Suppose -5*s = 4*i - 156, -2*i - 46 = -3*i - 3*s. Let v = -75 + i. Let w = -29 - v. What is the remainder when 34 is divided by w?
10
Suppose -2*z - 159 = -235. Calculate the remainder when 168 is divided by z.
16
Let w(s) = -s**2 + 70*s - 770. What is the remainder when w(51) is divided by 51?
46
Let o(r) = -r**3 + 7*r**2 - 5*r + 7. Let b = 48 + -42. Calculate the remainder when 1/((-1)/(-1)) + 23 is divided by o(b).
11
Suppose 39*p - 216 = 35*p. Suppose -2*s + 18 = -p. What is the remainder when 143 is divided by s?
35
Let v(u) = -u**2 + 14*u - 31. Calculate the remainder when 27 is divided by v(9).
13
Let i(m) = m**2 + 2*m + 7. Let h be i(-6). Let o = h + 29. Suppose 0 = -3*d - 2*d + o. What is the remainder when 46 is divided by d?
10
Let o(x) = -x + 6. Let i be o(3). Suppose 0 = y, 3*s - 4*y + i = 4*s. Suppose -2*h = -s*h + 12. Calculate the remainder when 58 is divided by h.
10
Let t(o) = -6*o + 22. What is the remainder when 1/(-2)*1*-38 is divided by t(2)?
9
Let w = -16 - -13. Let b be (2 + 7/w)*-3. What is the remainder when 9 is divided by (-187)/(-33) + b/3?
3
Suppose -7*t = -t - 72. Let y(h) = 6*h**3 + 4*h**2 - 4*h + 2. What is the remainder when y(2) is divided by t?
10
Let k be (41 - 5)*(-5)/(-15). Suppose -10*t = -k*t + 36. What is the remainder when t is divided by 10?
8
Suppose -51 = -2*p - 5*d + 28, -4 = 4*d. Calculate the remainder when p is divided by 15.
12
Let m = -320 - -332. Let s = 2 + 3. What is the remainder when m is divided by s?
2
Suppose a - 2*a + 82 = 0. Calculate the remainder when a is divided by 5*2/40*116.
24
Suppose 0 = 76*s - 80*s + 88. Calculate the remainder when 119 is divided by s.
9
Suppose 3*a - 6 = -j + 1, 4*j + 11 = a. What is the remainder when 84*((-24)/(-9) + j) is divided by 15?
11
Suppose -8 = -a + 2. Calculate the remainder when 179 is divided by a.
9
Let a = 1 + 5. Let l(r) = -r**2 + 15*r - 29. Calculate the remainder when l(10) is divided by a.
3
Suppose 0 = -18*v - 12*v + 630. Calculate the remainder when 144 is divided by v.
18
Let k be (3 + -2)*(-2)/(-1). Suppose 4*r = -5*s + 147, -2*s + 118 = k*s + 3*r. Let b = 1275 - 1264. What is the remainder when s is divided by b?
9
Suppose -109 = -2*h + h. Let r be (-12 + 12)/(-1 + 0)*-1. Let c(n) = n**3 - n + 28. Calculate the remainder when h is divided by c(r).
25
Suppose 0 = 5*y - 6*o + o - 2840, -y = -5*o - 572. Calculate the remainder when y is divided by 71.
70
Suppose -661 = 3*k - 742. What is the remainder when 887 is divided by k?
23
Suppose z = -5, 135 = g - 2*z + 47. Calculate the remainder when g is divided by 24.
6
Let f = 4 - -16. Suppose -c - f = -122. What is the remainder when c is divided by 15?
12
What is the remainder when 823 is divided by (3/7)/((-5)/(-385))?
31
Let u be ((-18)/7)/(18/(-84)). Let n be (u/5)/(10/225). Suppose 0 = -d + 4*c + n, 197 = 4*d + c + 2*c. What is the remainder when d is divided by 13?
11
Suppose 8*l = 7*l - v + 38, 0 = -l + 4*v + 33. What is the remainder when l is divided by 10?
7
Let i(l) = -33*l**3 + 2*l**2 + 2*l +